i) be the first derivative of 7 - 11 - 4*i + 5*i - 3 + i**2. Determine h(2).
5
Suppose 1 = 2*l + 2*a - a, 5*l = 5*a + 25. Suppose v - 4 = o, -4*v = -4*o - l*v - 16. Let c(d) = d**3 + 2*d**2 - 5*d + 2. Calculate c(o).
-10
Let s(x) = -x**2 + 2*x - 4. Let y be 1 + -1*(-3 - -1). Suppose y*a = -2*a + 5. Suppose -3*d - 18 = -6*p + 5*p, -2*p - d = -a. Give s(p).
-7
Suppose 0 = 5*t - 2*t. Let m(o) = o**3 - o - 2. Give m(t).
-2
Let a = 34 + -37. Let z(o) = -o - 2. Calculate z(a).
1
Let z = -2 + 5. Let f = 9 - z. Let h(n) = -n + 11. Calculate h(f).
5
Let b(j) be the third derivative of -j**4/12 + 2*j**2. Determine b(2).
-4
Let i(o) = -o**3 - 5*o**2 + 3*o + 7. Suppose 4*n - 7 = 73. Suppose -5 - 7 = -6*b. Suppose -b*u - 2*u = n. Give i(u).
-8
Let d(f) = 2*f**2 - 19*f. Let m(k) = k**2 - 10*k. Let c(a) = -6*d(a) + 11*m(a). Determine c(4).
0
Let k be -7 - (6 - 8) - (-14 - -3). Let z(s) = -s**2 + 7*s + 3. Let n(c) = c**2 - 7*c - 4. Let x(l) = 2*n(l) + 3*z(l). Calculate x(k).
7
Let a(l) be the first derivative of -l**4/4 + 3*l**3 + l**2/2 - 10*l - 5. Let x be a(9). Let i(n) = n + 2. Determine i(x).
1
Let p(r) be the second derivative of -r**3/6 - 3*r**2/2 - 20*r. Determine p(-5).
2
Let d(f) be the second derivative of -3/2*f**2 + 0 - 6*f + 1/3*f**3. Suppose -2*r - 1 - 21 = -4*m, -4*r - 29 = -5*m. Calculate d(m).
7
Let u(l) = -2*l**3 - 2*l**2 + l - 2. Let z(f) = 2*f + 2 - f - 6*f + f**2. Let q(i) = 5*i - 1. Let b be q(1). Let a be z(b). Calculate u(a).
4
Let t(s) = 0*s + 6 - 7*s + 8*s. Give t(0).
6
Let l(f) = 3*f**3 + f**2 - f - 1. Suppose 2 - 6 = -2*t. Suppose -5 = t*x + 3*x. Calculate l(x).
-2
Suppose -4*v - 3 = 1. Let s = v + 6. Let h(b) = -b**2 + 6*b - 6. Determine h(s).
-1
Let q(h) = 3 - h - 5 - 5 + 6. Let a = -4 + 22. Suppose -2*j = 4*r + 2, -5*j + 58 = -5*r + a. Give q(j).
-6
Let f(u) = 18 + 2*u + u**2 - 6 - 11 - 3*u**3 - 4*u. Let y be (-2 - -1)/(-3 + 2). Determine f(y).
-3
Let q = 2 + 2. Let y(c) = -1. Let u(a) = a. Let d(h) = -u(h) - 6*y(h). Give d(q).
2
Let w(b) = -b - 1. Let k = 18 - 17. Calculate w(k).
-2
Let m(w) be the first derivative of -w**4/4 + 2*w**3/3 - w**2 - 2. Determine m(2).
-4
Let i be (-18)/(-2)*2/3. Suppose 5*r + 4*u - 46 = 0, 2*u - 4 = u. Suppose -2*n = -r, -5*m - 5*n + 4 = -i. Let t(l) = -l**2 - l + 1. What is t(m)?
1
Suppose o + 5*p = 12, -o - 2*p = 2*o + 3. Let a(y) = y**3 + 3*y**2 - 2*y. Give a(o).
6
Let m(q) = -3 - 3*q + 2*q - 3 - 3. Give m(-12).
3
Suppose 0 = -5*a - 2*r + 5, 2 + 0 = 2*a - r. Let g(w) = w**2 + w**2 + 3*w**2 + w - 3*w + a. What is g(1)?
4
Let g(b) be the second derivative of -b**4/12 + b**3 + b**2 + b. Suppose -3*o = -6, 2*d - 14 = -0*d - o. Determine g(d).
2
Let k(q) = 3*q + 2 - q**3 + 4 + 22*q**2 - 49*q**2 + 31*q**2. Suppose 6*g - 2*g - 5*s = 0, 4*s - 1 = 3*g. What is k(g)?
-4
Let i = -126/11 + 515/44. Let o(x) be the first derivative of -5/3*x**3 + 6*x + 4*x**2 - 4 - i*x**4. Calculate o(-6).
-6
Suppose 0 = -v + 5*o + 12, -5*o - 12 = -2*v - o. Let w be 5/((-5)/v) + 6. Let d(u) = -u + w - 3*u**3 - u**2 + 2*u**3 - 4. Calculate d(-2).
6
Let u = 25 + -19. Let a(d) = -d**2 + 7*d. Calculate a(u).
6
Let d = 6 + 3. Let v(z) = 0*z**2 - z**2 + d*z - 9*z. What is v(-2)?
-4
Let c(d) = 1 - 2 - 3*d - 5*d**2 + 2 - d**3. Suppose 0 = -7*z - 93 + 65. What is c(z)?
-3
Let y(i) = -i**3 - 6*i**2 - 2*i - 9. Let k be y(-6). Let r(a) = -a + 1. Determine r(k).
-2
Suppose 9*l - 7*l - 4 = 0. Let a(s) = -2*s - 1. Determine a(l).
-5
Let x(r) = -3 - 10*r**2 + 10*r**2 + 2 - 9*r**2. Let o(w) = w**2 + 4*w + 2. Let v be o(-3). Give x(v).
-10
Suppose -4*x + 130 = 110. Let q(i) be the second derivative of i**3/3 + 3*i**2/2 - i. Calculate q(x).
13
Let y(s) be the second derivative of -s**5/20 + 5*s**4/12 + s**3 + s**2 + s. Let w be y(6). Let g(j) = 0*j**2 + 2*j + w*j**2 - 4*j + 3. Give g(2).
7
Let f(x) = x**3 + x**2 + x - 6. Let v(r) = -r - 6. Let q be v(-6). Let c be f(q). Let p(h) = h + 7. Determine p(c).
1
Let a = 15 + -13. Let r(m) = -6*m + 3. Calculate r(a).
-9
Let y(r) be the second derivative of r**3/2 - 3*r**2/2 + 2*r. Let d = 10 + -6. Suppose d*t - 24 = -4. What is y(t)?
12
Let d(j) = j + 3. Suppose -z = -16 + 19. What is d(z)?
0
Let b(d) be the first derivative of 4*d**3/3 - 14. Let p(o) = o**2 + 2*o + 1. Let q be p(-2). Calculate b(q).
4
Suppose 5*f = 2*f. Let j be 0 - -1 - (3 + f). Let x = 2 + j. Let y(o) = -o - 3. Calculate y(x).
-3
Let y(p) = 4*p**3 + 6*p**2 + 9*p. Let n(h) = 2*h**3 + 3*h**2 + 4*h. Let i(b) = -7*n(b) + 3*y(b). Determine i(-2).
6
Let l(j) = 10*j + 6. Let q(t) = -19*t - 11. Let g(y) = 11*l(y) + 6*q(y). What is g(-3)?
12
Let b(c) = 2*c. Let y be 6/(4*(-1)/(-2)). Determine b(y).
6
Let d(x) be the first derivative of -1/2*x**2 + 0*x + 1/4*x**4 + 0*x**3 + 3. What is d(0)?
0
Let p = -73 - -103. Let x = p + -19. Let l = x - 15. Let d(m) = -m**3 - 3*m**2 + 4*m - 3. Determine d(l).
-3
Let c(i) = -i. Let k be (-1 - 1)*((-2 - 2) + 5). Determine c(k).
2
Let u(s) = s - 1. Let b be u(1). Let l(x) = -1 + x**2 + 2*x**2 + b - 3*x + x**3. What is l(-3)?
8
Let s = 10 - 5. Let w(o) = -1 + 4*o - o - s*o - 9*o. What is w(1)?
-12
Let o(q) = -q**3 + 6*q**2 - 6*q + 4. Suppose 4*y + 2*y = -36. Let f(t) = -t + 11. Let k be f(0). Let l = k + y. Calculate o(l).
-1
Suppose -3*m = -3*j + 3, 3*j - 5*m = -3*m. Let u(b) = b - 7*b + 7*b. Calculate u(j).
-2
Let j(v) be the third derivative of v**7/105 - v**6/180 - v**5/120 - v**3 + 7*v**2. Let d(r) be the first derivative of j(r). What is d(-1)?
-9
Let q be (1*(-39)/3)/1. Let f = -9 - q. Suppose 0 = f*a, 3*y + a + a = 0. Let r(d) = d**2 + d + 4. Determine r(y).
4
Let j(w) = -15 + 5*w**2 + 15. Determine j(-1).
5
Let b(k) = 8*k**3 - k**2 - k - 1. Let h(j) = -j + 14. Let d(o) = 2*o - 29. Let c(u) = 6*d(u) + 13*h(u). Let r be c(9). Determine b(r).
-9
Let h(v) = 10*v**2 - v + 1. Suppose 5*a + 2*g = -g - 7, -2*a = -g - 6. What is h(a)?
10
Let z(p) be the first derivative of -p**4/4 + 2*p**3 - p**2 + 6*p - 28. What is z(5)?
21
Let u(q) = -q**2 + q. Let d(j) = j**3 + 3*j**2 + 11*j + 2. Let g(n) = d(n) - 4*u(n). Determine g(-6).
-4
Let r(a) = a**2 - 8*a - 5. Let t = 87 - 83. What is r(t)?
-21
Let k(s) = -7*s - 16. Let f(h) = h + 2. Let l(u) = -6*f(u) - k(u). Determine l(-6).
-2
Let f(m) be the second derivative of m**3/6 + 3*m**2 - 4*m. What is f(-10)?
-4
Suppose -g = -0*h + 5*h + 2, -g - 2 = 0. Let a(v) = 5*v**3 + 5 - v - 2*v**3 + v**2 - 4*v**3. Give a(h).
5
Let f(x) = -x - 1. Let h be 2/(-4)*100/25. Give f(h).
1
Let h(s) be the second derivative of -s**3/3 + 10*s. Calculate h(-4).
8
Suppose 0*t + 3*t = -120. Let y be (20/6)/(6/(-18)). Let a be t/(-12)*12/y. Let f(v) = -v**2 - 2*v + 4. Calculate f(a).
-4
Let o(g) = -5 - 3*g**2 + 3*g**2 - 3*g**2 - 2 - g. Let j(s) = 3 + 4 + 2 + 2*s**2 - 5. Let u(w) = 5*j(w) + 3*o(w). Determine u(4).
3
Let d(f) be the first derivative of f**4/12 + 5*f**3/6 + 7*f**2/2 + f + 1. Let z(t) be the first derivative of d(t). Give z(-5).
7
Let m(x) = -2*x**2 - 3*x + 2. Let c(y) = -3*y - y + 15 + 6*y. Let a be c(-9). What is m(a)?
-7
Let u be (-4 - -4) + 8/2. Let r(n) = -2*n**2 + 2*n + 4. Let m(f) = 6*f**2 - 6*f - 12. Let z(k) = u*m(k) + 11*r(k). What is z(3)?
8
Suppose l + 2*l - 3 = 0. Let f(d) be the second derivative of 0 - 2*d - 5/12*d**4 - 1/6*d**3 + 0*d**2. Determine f(l).
-6
Let l(d) = d**3 - 6*d**2 + 5*d - 4. Let a = 5 - -3. Let w = 11 - a. Suppose 0 = -7*x + 2*x - 15, -w*v = -3*x - 24. What is l(v)?
-4
Let j(g) = -5*g + g**3 + 4*g - 4*g**2 + 2*g - 3. Let h be 2158/581 - (-1 - (-5)/7). Calculate j(h).
1
Let y(o) = -7 + 3*o + 5 - 5 - 1. Calculate y(6).
10
Let k(h) = -h**3 - 9*h**2 + 9*h - 1. Let j be k(-10). Suppose -j = -3*s + 9. Let n(b) = 4 + 2 - s + b. Give n(-1).
-1
Let x(a) = -2*a**2 + 18*a - 11. Let s be x(8). Let m(c) = -c**3 + 5*c**2 - c + 2. Calculate m(s).
-3
Let x(c) be the first derivative of c**2/2 - 3*c - 26. Give x(-7).
-10
Let q = 40 - 40. Let x(k) = k**3 - k**2 - k + 12. Give x(q).
12
Suppose -3*q = 5*v + 10, -3*q + 0*q + v + 2 = 0. Let x(f) = f**2 + 13. Calculate x(q).
13
Let f(s) be the second derivative of -s**5/20 + 5*s**4/12 + s**3 - 4*s**2 - 21*s. What is f(6)?
-8
Let g be -2*2/4*-2. Suppose -u - u + g*m = 2, 1 = -5*u + 3*m. Let c(p) = -u + 2 + 3 - 3 + p. What is c(-1)?
0
Let j(u) = 4*u + 2. Let q be 616/132 + ((-4)/6 - 0). Determine j(q).
18
Let i(r) be 